Let r be a(w). Give g(r).
1
Let d(n) = 4*n**3 - 4*n + 3. Let g(b) = -5*b**3 - b**2 + 4*b - 3. Let v(r) = -4*d(r) - 3*g(r). Determine v(3).
9
Let p(v) = v**2 + 2*v - 6. Let a be p(-4). Let u(t) = -a*t + t - 15 + 17. Suppose -d - 2 = -2*f, 3*f + 14 = -5*d - 9. Determine u(d).
6
Let y(s) be the first derivative of -s**4/4 - 2*s**3/3 + 5*s**2/2 + 3*s - 139. Let c = -2 - 1. Calculate y(c).
-3
Let d(u) be the third derivative of u**4/2 - u**3/6 - u**2. Suppose 28*c - 6*c = 22. Calculate d(c).
11
Let o(z) = -2*z**2 - z + 1. Let c be o(1). Let t(a) be the first derivative of -18*a + 20 - 4*a**2 + 3*a**2 + 14*a + 5*a. Calculate t(c).
5
Let o(v) be the second derivative of -v**5/20 + v**4/3 - v**3/3 + 3*v**2/2 - 113*v. Suppose -7 = -4*y + 5. Determine o(y).
6
Let a = -22 + 28. Suppose -a*u = -4*u - 2. Let l(i) = 8*i + 1. Give l(u).
9
Suppose 0 = -36*f + 101*f. Let y(m) be the second derivative of -1/2*m**2 + f - 2/3*m**3 + 3*m + 1/12*m**4. Calculate y(3).
-4
Let b(g) be the third derivative of g**4/8 - g**3 + g**2 + 38. Suppose 0*y = -5*y. Let a(p) = p**2 + 5. Let q be a(y). Determine b(q).
9
Let d = -7723/12 + 644. Let l(w) be the second derivative of 1/2*w**2 + 0 + d*w**4 - w - 1/6*w**3. What is l(1)?
5
Let n(k) = -290*k - 9 + k**2 + 0*k**2 + 294*k. Give n(-7).
12
Let q(v) = 7*v**3 + 6*v**3 - 12*v**3 + 6*v**2 - v - 3. Let n be (1 + (7 - 6))*(2 - 5). Give q(n).
3
Let a(t) = 34 - 11 + t**3 - 22 + 3*t**2. Determine a(-2).
5
Let g(l) = -32*l - 1. Let r(a) = 12*a - 1. Let z(k) = g(k) + 2*r(k). Suppose -4*c - 12 = -0*c. Give z(c).
21
Let o(m) = -361*m + 2 + 193*m + 173*m. Calculate o(1).
7
Let m(d) = 3*d**2 - 30*d + 50. Let i be m(8). Let f(n) = -n**3 + n**2 - 3*n + 3. What is f(i)?
-7
Suppose 0 = 2*y - 4*y. Suppose t = -3, y*t + 3*t + 18 = 3*b. Let o(m) = 76*m - 4 - 216*m + 69*m + 68*m. What is o(b)?
-13
Let g(z) = 6*z - 28. Let q(a) = 2*a - 9. Suppose 0 = -u, 0 = -4*r - 4*u - 8 - 0. Let t(o) = r*g(o) + 7*q(o). Let b be -1 - (2 + -1 - 7). Determine t(b).
3
Let s(n) = -2*n - 4. Suppose 5*y = 2*y + 24. Let i(c) = -1 + c + 4 + y - 2*c. Let r be i(6). What is s(r)?
-14
Let n(k) = -k**2 - 7*k - 6. Let s be (-4)/(-14) + (-1384)/(-56). Suppose m + 5*a = -10 + s, -3*m + 45 = 3*a. Let q = 9 - m. Give n(q).
0
Let u(t) = -4456*t + 10 + 19 + t**2 + 4445*t. Determine u(7).
1
Let w(k) = 7*k - 1. Let h(v) = -4*v - 6 + 2 + 4. Let u(d) = 5*h(d) + 2*w(d). What is u(2)?
-14
Let v(q) be the third derivative of -q**5/60 - 7*q**4/24 + q**3/3 + 3*q**2. Let w = 10 + -4. Suppose -w*x + 16 = -10*x. Give v(x).
14
Let j(k) = 3*k - 6 - 5 + 4 + k**2. Let s = -37 - -41. Let x be (-18)/s + 3/(-6). Determine j(x).
3
Let y(o) = -2*o + 11. Suppose -3*g - 2*g = 2*d - 15, -5*g + 3*d + 40 = 0. Let i be y(g). Let h(v) = -18*v**2 - v + 1. Calculate h(i).
-18
Suppose -2*v = 3*j + 11, -4*v + 5*j - 2*j = -23. Let z(x) be the first derivative of -7*x + v*x**2 - 4 - 1/3*x**3. What is z(5)?
-12
Let i(y) be the third derivative of -y**5/30 + y**4/8 + 5*y**3/6 + 12*y**2. Let z(l) = -l**3 + 7*l**2 - l - 10 + 9 + 17 + 5*l**2. Let s be z(12). What is i(s)?
-15
Let h(m) be the first derivative of 2*m**3 + m**2 + m + 1183. Let g = -3 - -2. Calculate h(g).
5
Let j(w) be the first derivative of -w**2/2 - 41. Suppose 2*b = b + 5*r + 15, -b - 2*r = 6. Let g be -2 - (b - -1 - 1). Give j(g).
2
Let g = -93 - -88. Let z(y) = -y**3 - 4*y**2 + 4*y + 1. What is z(g)?
6
Let n = -189 - -196. Let v(y) = 7*y**3 - 12*y**2 - 10*y - 16. Let t(f) = -f**3 + f**2 + f + 1. Let d(p) = -6*t(p) - v(p). Give d(n).
-11
Let b(z) = z**3 + 5*z**2. Suppose 39 = -5*r + 14. Let f be b(r). Let v(u) = u**2 + u + 2. Give v(f).
2
Let h(b) = 5*b**2 - 1. Let k = 1875 - 1876. Calculate h(k).
4
Let k(m) be the first derivative of -3*m**2/2 - 10*m + 337. Determine k(-1).
-7
Let d(o) = -61*o + 14. Let n(m) = -73*m + 15. Let h(c) = -6*d(c) + 5*n(c). Give h(11).
2
Suppose 15*l + 56 = 7*l. Let b(f) = 54*f**2 - 7*f + 10. Let a(q) = -36*q**2 + 5*q - 7. Let h(v) = l*a(v) - 5*b(v). Determine h(1).
-19
Let r = 82 - 73. Let k(w) = -w + 16. Give k(r).
7
Let r = 328 - 334. Let z(l) = l**2 + 4*l + 2. What is z(r)?
14
Let x(y) = 3*y + 2. Suppose 3*w - 2*r + 15 = -r, 19 = -w + 5*r. What is x(w)?
-10
Suppose -2*z + 8 - 38 = 5*n, 5*z + 40 = 5*n. Let b(f) = -f - 9. Determine b(z).
1
Suppose 14 = 4*k - x, 5*k = -2*x + 4*x + 16. Let s(a) = -2 + 3*a + 5 - k + 2. Let b be s(1). Let j(h) = -h + 4. What is j(b)?
0
Let a(q) = 21*q + 7 + 7 + 7 - 13*q - 7*q. Give a(-17).
4
Let s(u) be the third derivative of u**6/120 + 7*u**5/60 + u**4/8 - 2*u**3/3 + 83*u**2. Give s(-7).
-25
Let f(d) be the second derivative of d**5/20 - 3*d**4/4 + d**3/6 - 11*d**2/2 + 6*d + 10. Calculate f(9).
-2
Let x(k) = -k**3 + k**2 + 6. Let g be (-3)/(-4) - 35/(-28). Suppose -g*p - 13 = -3, 5*f = 2*p - 45. Let c = 11 + f. What is x(c)?
6
Let m(p) = p**2 + 7*p + 7. Let u be m(-6). Let g(b) = 36*b - 11*b - 1 - 34*b. What is g(u)?
-10
Let w(t) = -t**2 - 2 + 3 - t**3 - t**2 - t. Suppose 4 = v + 2*a + 3, 4*v = -2*a - 8. Determine w(v).
13
Let w be 2724/18*12/8. Let v(m) = -114 + w - 113 - 6*m**2. Give v(1).
-6
Suppose h - 19 = 4*c, 3*h + 4*c = -8 + 1. Let j(s) = -4*s**3 + 6*s**2 - 4*s - 2. Let z(q) = -5*q**3 + 6*q**2 - 4*q - 1. Let r(v) = h*z(v) - 4*j(v). Give r(5).
0
Let d(y) = -y**3 - y**2 + 12*y - 5. Let a be d(-4). Let c(i) = -3*i + 5. Let z(m) = 1. Let s(f) = 2*c(f) - 14*z(f). What is s(a)?
26
Let t(j) = -j + 3. Let i be t(5). Let b(p) be the first derivative of -p**2 - 1/3*p**3 - p + 1. Calculate b(i).
-1
Let h(b) = b**3 + 14*b**2 + 15*b + 25. Let j be 1 + 16/(-18) + 6018/(-459). What is h(j)?
-1
Let u(x) = x**3 + 3*x**2 + 2*x + 1. Let k = -28 + 14. Let r = k - -19. Suppose 13 = -r*d - 2. What is u(d)?
-5
Let f be 15/(3 + 0) + (-6 - -15). Let a(h) = h**3 - 14*h**2 - h + 19. Give a(f).
5
Let p = 797 - 795. Let k(z) = 5*z**3 - 2*z**2 + z + 1. Determine k(p).
35
Let s(f) = f + 5. Let o(x) be the third derivative of x**3 - 1/60*x**5 + 0*x + 1/24*x**4 + 0 - 2*x**2. Let b be o(-3). Give s(b).
-1
Let g = -77 - -71. Let j(p) = -20*p + 9. Let o(t) = -10*t + 5. Let h(d) = g*j(d) + 11*o(d). Determine h(1).
11
Let s(i) be the first derivative of i**3/3 - 3*i**2/2 - 6*i - 124. Calculate s(6).
12
Suppose 19 - 7 = 3*v. Let f(n) = 1. Let m(p) = -2*p + 9. Let h(t) = t - 4. Let o(l) = 13*h(l) + 6*m(l). Let s(y) = f(y) + o(y). Give s(v).
7
Let s(o) = -5*o**3 + 10*o**2 - 11*o - 19. Let c(v) = 6*v**3 - 9*v**2 + 11*v + 20. Let x(k) = -4*c(k) - 5*s(k). Calculate x(13).
-11
Let c = -1 - -1. Suppose -4*o - 16 = -c*o. Let y(t) = -1. Let i(g) = -2*g - 2. Let l(s) = i(s) - 2*y(s). What is l(o)?
8
Let l be (12/(-9))/(14/(-357)). Suppose 2*c + l - 22 = 0. Let o(g) = g**3 + 6*g**2 - 2*g + 1. What is o(c)?
13
Let k(s) be the second derivative of -s**5/10 + 11*s**4/12 - 13*s**3/6 - 3*s**2 + 581*s - 2. Determine k(3).
0
Suppose 0 = m - 4*i - 1 + 4, 2*m - 5 = -3*i. Let t(u) = 4*u - 3*u**2 + 1 - 4*u. Calculate t(m).
-2
Suppose -19*d + 64 = 13*d. Let o(x) = -x + 5. Give o(d).
3
Let s(t) be the first derivative of 5/6*t**3 + 1/8*t**4 + 0*t - 1/60*t**5 - 6 + 5/2*t**2. Let c(b) be the second derivative of s(b). Determine c(5).
-5
Let s(h) = -h**3 + h**2 + 2*h - 12. Suppose -2*b = -0*x + 3*x - 12, 5*b + 5*x - 20 = 0. Determine s(b).
-12
Let r = 489 + -494. Let i(b) = 4*b + 28. Calculate i(r).
8
Let s(n) be the second derivative of n**3/3 + n**2 - 17*n + 5. Let a be -6 + 4 + (-2 - 1). Calculate s(a).
-8
Let c(j) = -j**3 - j**2. Let x(t) = -t + 5. Let a(m) = 2*m - 11. Let g(i) = 2*a(i) + 5*x(i). Let l(z) = 2*c(z) - g(z). Give l(-3).
30
Let g(y) = -2*y + 1. Let h(v) = -v. Let t(j) = -3*g(j) + 5*h(j). Determine t(3).
0
Let a(x) = x**2 - 4*x - 7. Suppose 3*b - u = -4*u, 2*b = -3*u - 2. Let m be (-6)/(-4 + b + 1). Give a(m).
5
Let z(u) = -u**2 + u. Let n = 80 + -38. Let q = -40 + n. Calculate z(q).
-2
Let b be 2/6*0*(-6)/48. Let h(n) = -8*n - 7 + n + 6*n. What is h(b)?
-7
Suppose -x + 9 = k, 2*x - 4 + 35 = 5*k. Let i(j) = j - 1. Give i(k).
6
Let l(x) = 1448 + 14*x - 1448 - 6*x. Determine l(-2).
-16
Suppose 4*w + g + 169 = 0, 37 = 2*w + 4*g + 111. Let s = w - -41. Let n(u) = -4*u. Give n(s).
8
Let y(l) = l**3 - 7*l**2 + 4*l - 6. Suppose -2*u - 15*j + 22 = -17*j, -u = -5*j - 27. Give y(u).
22
Let m be 116/18 + 1480/(-3330). Let c(s) = 2 + 2 - 2*